
5614
Calculate the remainder when 7730733 is divided by 606.
597
Calculate the remainder when 5929689 is divided by 13632.
13401
Calculate the remainder when 164741 is divided by 13700.
341
Calculate the remainder when 291217991 is divided by 14560899.
11
What is the remainder when 12236549 is divided by 68?
17
What is the remainder when 264700366 is divided by 88233444?
34
Calculate the remainder when 39487652 is divided by 7897518.
62
Calculate the remainder when 8092 is divided by 7774.
318
Calculate the remainder when 397817 is divided by 887.
441
What is the remainder when 1559861 is divided by 41?
16
What is the remainder when 5374349 is divided by 215?
209
Calculate the remainder when 14039147 is divided by 877446.
11
Calculate the remainder when 12711 is divided by 494.
361
Calculate the remainder when 7041644 is divided by 3520817.
10
Calculate the remainder when 8387 is divided by 8085.
302
Calculate the remainder when 1718517 is divided by 156187.
460
Calculate the remainder when 55265 is divided by 27616.
33
What is the remainder when 66714554 is divided by 27?
11
Calculate the remainder when 5429800 is divided by 28.
12
What is the remainder when 186383 is divided by 185141?
1242
What is the remainder when 3015943 is divided by 109?
22
Calculate the remainder when 41472 is divided by 53.
26
What is the remainder when 1618881737 is divided by 7026?
7025
Calculate the remainder when 47138 is divided by 1624.
42
Calculate the remainder when 17877 is divided by 401.
233
Calculate the remainder when 123331365 is divided by 766.
3
What is the remainder when 4840063 is divided by 536?
519
Calculate the remainder when 27771828 is divided by 3967404.
0
Calculate the remainder when 8664533 is divided by 8664533.
0
What is the remainder when 122136 is divided by 22?
14
Calculate the remainder when 7316192 is divided by 623.
303
What is the remainder when 1475415 is divided by 35?
25
Calculate the remainder when 8083036 is divided by 122469.
82
Calculate the remainder when 443747 is divided by 995.
972
What is the remainder when 1890677 is divided by 268?
205
What is the remainder when 7855812 is divided by 551?
205
Calculate the remainder when 129838 is divided by 64438.
962
What is the remainder when 8926614 is divided by 3851?
3847
What is the remainder when 2186177 is divided by 294?
287
Calculate the remainder when 1124439 is divided by 1124248.
191
What is the remainder when 94959 is divided by 47161?
637
Calculate the remainder when 494675 is divided by 3459.
38
Calculate the remainder when 10001 is divided by 2591.
2228
Calculate the remainder when 2360332 is divided by 2033.
19
Calculate the remainder when 4990728 is divided by 54.
48
Calculate the remainder when 2725108 is divided by 908368.
4
Calculate the remainder when 109183 is divided by 2322.
49
What is the remainder when 7701289 is divided by 1303?
559
Calculate the remainder when 1216694 is divided by 63.
38
Calculate the remainder when 68412439 is divided by 14.
11
What is the remainder when 627252 is divided by 274?
66
Calculate the remainder when 12892 is divided by 228.
124
What is the remainder when 285380 is divided by 71189?
624
What is the remainder when 25602446 is divided by 6?
2
What is the remainder when 2629186 is divided by 187775?
336
What is the remainder when 166148 is divided by 33077?
763
Calculate the remainder when 11205067 is divided by 15916.
203
Calculate the remainder when 1186104259 is divided by 158.
155
What is the remainder when 564523 is divided by 282250?
23
What is the remainder when 5701371 is divided by 17?
13
Calculate the remainder when 743045 is divided by 862.
1
Calculate the remainder when 720256 is divided by 702.
4
Calculate the remainder when 39290600 is divided by 1127.
1126
Calculate the remainder when 1342718 is divided by 223784.
14
What is the remainder when 3697541 is divided by 49?
1
Calculate the remainder when 3712804 is divided by 72.
52
Calculate the remainder when 213090050 is divided by 4388.
4382
Calculate the remainder when 92351 is divided by 6711.
5108
Calculate the remainder when 61217 is divided by 55291.
5926
Calculate the remainder when 299897792 is divided by 22.
18
What is the remainder when 83546716 is divided by 80?
76
What is the remainder when 3779418 is divided by 12?
6
Calculate the remainder when 63813 is divided by 606.
183
What is the remainder when 16131 is divided by 17?
15
Calculate the remainder when 36075940 is divided by 11402.
12
What is the remainder when 222169 is divided by 460?
449
Calculate the remainder when 126519584 is divided by 7340.
4
Calculate the remainder when 17440 is divided by 247.
150
What is the remainder when 17363958 is divided by 1685?
33
Calculate the remainder when 722024 is divided by 30.
14
What is the remainder when 1887524 is divided by 650?
574
What is the remainder when 2794493 is divided by 11406?
23
Calculate the remainder when 2863876 is divided by 57.
25
Calculate the remainder when 584459 is divided by 183.
140
What is the remainder when 1101003 is divided by 9?
6
What is the remainder when 521715 is divided by 3700?
15
Calculate the remainder when 37515065 is divided by 289.
264
Calculate the remainder when 2328937 is divided by 914.
65
Calculate the remainder when 10050 is divided by 1479.
1176
What is the remainder when 354214 is divided by 35418?
34
What is the remainder when 346006766 is divided by 8193?
8183
Calculate the remainder when 43931 is divided by 2176.
411
What is the remainder when 16004 is divided by 5161?
521
Calculate the remainder when 71081 is divided by 8819.
529
Calculate the remainder when 341964 is divided by 541.
52
Calculate the remainder when 17661377 is divided by 353.
81
What is the remainder when 47317 is divided by 1643?
1313
What is the remainder when 206857 is divided by 5304?
1
What is the remainder when 354794 is divided by 1249?
78
Calculate the remainder when 7645341 is divided by 24.
21
What is the remainder when 14011866 is divided by 4670611?
33
What is the remainder when 104271 is divided by 52124?
23
Calculate the remainder when 31429319 is divided by 7610.
19
Calculate the remainder when 45552808 is divided by 41.
4
Calculate the remainder when 50704 is divided by 2229.
1666
Calculate the remainder when 2200791 is divided by 366797.
9
What is the remainder when 3659892 is divided by 245?
82
Calculate the remainder when 4052447 is divided by 5.
2
What is the remainder when 11251038 is divided by 24782?
10
What is the remainder when 8029 is divided by 598?
255
What is the remainder when 1023953 is divided by 1380?
1373
Calculate the remainder when 13125107 is divided by 13.
8
Calculate the remainder when 1198918 is divided by 881.
758
What is the remainder when 1645228 is divided by 36?
28
What is the remainder when 3418991 is divided by 94?
23
Calculate the remainder when 17265405 is divided by 1233243.
3
Calculate the remainder when 22999634 is divided by 45.
44
Calculate the remainder when 6404565 is divided by 3091.
13
What is the remainder when 18653 is divided by 475?
128
What is the remainder when 15438677 is divided by 1403512?
45
What is the remainder when 23338695 is divided by 866?
861
Calculate the remainder when 97684271 is divided by 54.
53
Calculate the remainder when 81165540 is divided by 14.
8
Calculate the remainder when 1379599 is divided by 2999.
59
What is the remainder when 28865096 is divided by 62?
4
Calculate the remainder when 153293881 is divided by 1798.
1795
Calculate the remainder when 259177 is divided by 86239.
460
What is the remainder when 293109997 is divided by 500?
497
What is the remainder when 5419352 is divided by 677417?
16
Calculate the remainder when 619413 is divided by 487.
436
What is the remainder when 172776 is divided by 172457?
319
Calculate the remainder when 1232792 is divided by 11903.
6783
Calculate the remainder when 104827 is divided by 104.
99
Calculate the remainder when 6308127 is divided by 32516.
23
What is the remainder when 453373 is divided by 59?
17
Calculate the remainder when 2522446 is divided by 420381.
160
Calculate the remainder when 21906129 is divided by 51.
48
Calculate the remainder when 19639324 is divided by 2179.
2176
Calculate the rem